{"id":65,"date":"2012-01-30T23:05:19","date_gmt":"2012-01-30T22:05:19","guid":{"rendered":"http:\/\/naplementetk.hu\/?page_id=65"},"modified":"2015-10-23T21:16:00","modified_gmt":"2015-10-23T20:16:00","slug":"polgari-bucsuztatas","status":"publish","type":"page","link":"http:\/\/naplementetk.hu\/?page_id=65","title":{"rendered":"Polg\u00e1ri B\u00facs\u00faztat\u00e1s"},"content":{"rendered":"<p><a href=\"http:\/\/naplementetk.hu\/wp-content\/uploads\/2012\/01\/angyal.jpg\"><img loading=\"lazy\" decoding=\"async\" class=\"alignright size-medium wp-image-85\" title=\"angyal\" alt=\"\" src=\"http:\/\/naplementetk.hu\/wp-content\/uploads\/2012\/01\/angyal-215x300.jpg\" width=\"215\" height=\"300\" srcset=\"http:\/\/naplementetk.hu\/wp-content\/uploads\/2012\/01\/angyal-215x300.jpg 215w, http:\/\/naplementetk.hu\/wp-content\/uploads\/2012\/01\/angyal.jpg 359w\" sizes=\"auto, (max-width: 215px) 100vw, 215px\" \/><\/a><\/p>\n<p>&nbsp;<\/p>\n<p>Vall\u00e1st\u00f3l f\u00fcggetlen b\u00facs\u00faztat\u00e1si forma. A polg\u00e1ri gy\u00e1szszertart\u00e1st a T\u00f3tkoml\u00f3si Naplemente Kft irod\u00e1j\u00e1ban lehet megrendelni, hiszen a c\u00e9g t\u00f6bb \u00e9ves tapasztalattal rendelkez\u0151, saj\u00e1t polg\u00e1ri b\u00facs\u00faztat\u00f3val rendelkezik.<br \/>\nA b\u00facs\u00faztat\u00e1s mindig szem\u00e9lyre szabott, egyedi. \u00c9letutat \u00e9s az eml\u00e9kk\u00e9pekhez kapcsol\u00f3d\u00f3 \u00e9rz\u00e9seket, esetlegesen esem\u00e9nyeket mutat be.<br \/>\nKapcsol\u00f3dnak hozz\u00e1 versek, id\u00e9zetek, v\u00e1lasztott zenesz\u00e1mok. A szertart\u00e1st megel\u0151z\u0151 egy \u00f3r\u00e1ban egy \u00fagynevezett v\u00e1rakoz\u00f3, halk gy\u00e1szzen\u00e9t szolg\u00e1ltatunk, melynek az \u00f6ssze\u00e1ll\u00edt\u00e1sa is k\u00e9rhet\u0151, meghat\u00e1rozhat\u00f3, ugyan\u00fagy mint a ravatal bont\u00e1sn\u00e1l \u00e9s az elhelyez\u00e9sn\u00e9l szolg\u00e1ltatott zene.<\/p>\n","protected":false},"excerpt":{"rendered":"<p>&nbsp; Vall\u00e1st\u00f3l f\u00fcggetlen b\u00facs\u00faztat\u00e1si forma. A polg\u00e1ri gy\u00e1szszertart\u00e1st a T\u00f3tkoml\u00f3si Naplemente Kft irod\u00e1j\u00e1ban lehet megrendelni, hiszen a c\u00e9g t\u00f6bb \u00e9ves tapasztalattal rendelkez\u0151, saj\u00e1t polg\u00e1ri b\u00facs\u00faztat\u00f3val rendelkezik. A b\u00facs\u00faztat\u00e1s mindig szem\u00e9lyre szabott, egyedi. \u00c9letutat \u00e9s az eml\u00e9kk\u00e9pekhez kapcsol\u00f3d\u00f3 \u00e9rz\u00e9seket, esetlegesen esem\u00e9nyeket mutat be. Kapcsol\u00f3dnak hozz\u00e1 versek, id\u00e9zetek, v\u00e1lasztott zenesz\u00e1mok. A szertart\u00e1st megel\u0151z\u0151 egy \u00f3r\u00e1ban egy \u00fagynevezett [&hellip;]<\/p>\n","protected":false},"author":1,"featured_media":0,"parent":0,"menu_order":0,"comment_status":"closed","ping_status":"closed","template":"","meta":{"ngg_post_thumbnail":0,"footnotes":""},"class_list":["post-65","page","type-page","status-publish","hentry"],"_links":{"self":[{"href":"http:\/\/naplementetk.hu\/index.php?rest_route=\/wp\/v2\/pages\/65","targetHints":{"allow":["GET"]}}],"collection":[{"href":"http:\/\/naplementetk.hu\/index.php?rest_route=\/wp\/v2\/pages"}],"about":[{"href":"http:\/\/naplementetk.hu\/index.php?rest_route=\/wp\/v2\/types\/page"}],"author":[{"embeddable":true,"href":"http:\/\/naplementetk.hu\/index.php?rest_route=\/wp\/v2\/users\/1"}],"replies":[{"embeddable":true,"href":"http:\/\/naplementetk.hu\/index.php?rest_route=%2Fwp%2Fv2%2Fcomments&post=65"}],"version-history":[{"count":8,"href":"http:\/\/naplementetk.hu\/index.php?rest_route=\/wp\/v2\/pages\/65\/revisions"}],"predecessor-version":[{"id":321,"href":"http:\/\/naplementetk.hu\/index.php?rest_route=\/wp\/v2\/pages\/65\/revisions\/321"}],"wp:attachment":[{"href":"http:\/\/naplementetk.hu\/index.php?rest_route=%2Fwp%2Fv2%2Fmedia&parent=65"}],"curies":[{"name":"wp","href":"https:\/\/api.w.org\/{rel}","templated":true}]}}

Polgári Búcsúztatás

<p><a href="http://naplementetk.hu/wp-content/uploads/2012/01/angyal.jpg"><img loading="lazy" decoding="async" class="alignright size-medium wp-image-85" title="angyal" alt="" src="http://naplementetk.hu/wp-content/uploads/2012/01/angyal-215x300.jpg" width="215" height="300" srcset="http://naplementetk.hu/wp-content/uploads/2012/01/angyal-215x300.jpg 215w, http://naplementetk.hu/wp-content/uploads/2012/01/angyal.jpg 359w" sizes="auto, (max-width: 215px) 100vw, 215px" /></a></p>
<p>&nbsp;</p>
<p>Vallástól független búcsúztatási forma. A polgári gyászszertartást a Tótkomlósi Naplemente Kft irodájában lehet megrendelni, hiszen a cég több éves tapasztalattal rendelkező, saját polgári búcsúztatóval rendelkezik.<br />
A búcsúztatás mindig személyre szabott, egyedi. Életutat és az emlékképekhez kapcsolódó érzéseket, esetlegesen eseményeket mutat be.<br />
Kapcsolódnak hozzá versek, idézetek, választott zeneszámok. A szertartást megelőző egy órában egy úgynevezett várakozó, halk gyászzenét szolgáltatunk, melynek az összeállítása is kérhető, meghatározható, ugyanúgy mint a ravatal bontásnál és az elhelyezésnél szolgáltatott zene.</p>

<p>&nbsp; Vallástól független búcsúztatási forma. A polgári gyászszertartást a Tótkomlósi Naplemente Kft irodájában lehet megrendelni, hiszen a cég több éves tapasztalattal rendelkező, saját polgári búcsúztatóval rendelkezik. A búcsúztatás mindig személyre szabott, egyedi. Életutat és az emlékképekhez kapcsolódó érzéseket, esetlegesen eseményeket mutat be. Kapcsolódnak hozzá versek, idézetek, választott zeneszámok. A szertartást megelőző egy órában egy úgynevezett [&hellip;]</p>
