{"id":365,"date":"2015-10-23T22:05:55","date_gmt":"2015-10-23T21:05:55","guid":{"rendered":"http:\/\/naplementetk.hu\/?page_id=365"},"modified":"2015-10-23T22:11:17","modified_gmt":"2015-10-23T21:11:17","slug":"emlekfilm-eletutfilm","status":"publish","type":"page","link":"http:\/\/naplementetk.hu\/?page_id=365","title":{"rendered":"EML\u00c9KFILM, &#8222;\u00c9LET\u00daTFILM&#8221;"},"content":{"rendered":"<p>Leg\u00fajabb \u2013 \u00e9s egyben legsz\u00edvhezsz\u00f3l\u00f3bb &#8211; szolg\u00e1ltat\u00e1sunk a temet\u00e9sen k\u00e9sz\u00fclt fot\u00f3k valamint a hozz\u00e1nk eljuttatott r\u00e9gebbi f\u00e9nyk\u00e9pek, csal\u00e1di eml\u00e9kek, iskolai bizony\u00edtv\u00e1nyok, r\u00e9gi csal\u00e1di okiratok felhaszn\u00e1l\u00e1s\u00e1val, zenei al\u00e1fest\u00e9ssel k\u00e9sz\u00fclt <a href=\"http:\/\/naplementetk.hu\/wp-content\/uploads\/2015\/10\/1930s_movie_camera.jpg\"><img loading=\"lazy\" decoding=\"async\" class=\"alignright size-medium wp-image-367\" alt=\"1930s_movie_camera\" src=\"http:\/\/naplementetk.hu\/wp-content\/uploads\/2015\/10\/1930s_movie_camera-212x300.jpg\" width=\"212\" height=\"300\" srcset=\"http:\/\/naplementetk.hu\/wp-content\/uploads\/2015\/10\/1930s_movie_camera-212x300.jpg 212w, http:\/\/naplementetk.hu\/wp-content\/uploads\/2015\/10\/1930s_movie_camera.jpg 350w\" sizes=\"auto, (max-width: 212px) 100vw, 212px\" \/><\/a>eml\u00e9kfilm, ami v\u00e9gigk\u00eds\u00e9ri az elhunyt \u00e9let\u00e9nek fontosabb \u00e1llom\u00e1sait, \u00e9s bemutatja a b\u00facs\u00faz\u00e1s pillanatait is.<br \/>\nIg\u00e9ny szerinti p\u00e9ld\u00e1nysz\u00e1mban elk\u00e9sz\u00edtve a csal\u00e1dtagok sz\u00e1m\u00e1ra \u00f6r\u00f6k eml\u00e9ket \u00e1ll\u00edt a szeretett elhunyt \u00e9let\u00e9r\u0151l, szem\u00e9ly\u00e9r\u0151l.<\/p>\n","protected":false},"excerpt":{"rendered":"<p>Leg\u00fajabb \u2013 \u00e9s egyben legsz\u00edvhezsz\u00f3l\u00f3bb &#8211; szolg\u00e1ltat\u00e1sunk a temet\u00e9sen k\u00e9sz\u00fclt fot\u00f3k valamint a hozz\u00e1nk eljuttatott r\u00e9gebbi f\u00e9nyk\u00e9pek, csal\u00e1di eml\u00e9kek, iskolai bizony\u00edtv\u00e1nyok, r\u00e9gi csal\u00e1di okiratok felhaszn\u00e1l\u00e1s\u00e1val, zenei al\u00e1fest\u00e9ssel k\u00e9sz\u00fclt eml\u00e9kfilm, ami v\u00e9gigk\u00eds\u00e9ri az elhunyt \u00e9let\u00e9nek fontosabb \u00e1llom\u00e1sait, \u00e9s bemutatja a b\u00facs\u00faz\u00e1s pillanatait is. Ig\u00e9ny szerinti p\u00e9ld\u00e1nysz\u00e1mban elk\u00e9sz\u00edtve a csal\u00e1dtagok sz\u00e1m\u00e1ra \u00f6r\u00f6k eml\u00e9ket \u00e1ll\u00edt a szeretett elhunyt [&hellip;]<\/p>\n","protected":false},"author":1,"featured_media":0,"parent":0,"menu_order":0,"comment_status":"closed","ping_status":"closed","template":"","meta":{"ngg_post_thumbnail":0,"footnotes":""},"class_list":["post-365","page","type-page","status-publish","hentry"],"_links":{"self":[{"href":"http:\/\/naplementetk.hu\/index.php?rest_route=\/wp\/v2\/pages\/365","targetHints":{"allow":["GET"]}}],"collection":[{"href":"http:\/\/naplementetk.hu\/index.php?rest_route=\/wp\/v2\/pages"}],"about":[{"href":"http:\/\/naplementetk.hu\/index.php?rest_route=\/wp\/v2\/types\/page"}],"author":[{"embeddable":true,"href":"http:\/\/naplementetk.hu\/index.php?rest_route=\/wp\/v2\/users\/1"}],"replies":[{"embeddable":true,"href":"http:\/\/naplementetk.hu\/index.php?rest_route=%2Fwp%2Fv2%2Fcomments&post=365"}],"version-history":[{"count":3,"href":"http:\/\/naplementetk.hu\/index.php?rest_route=\/wp\/v2\/pages\/365\/revisions"}],"predecessor-version":[{"id":369,"href":"http:\/\/naplementetk.hu\/index.php?rest_route=\/wp\/v2\/pages\/365\/revisions\/369"}],"wp:attachment":[{"href":"http:\/\/naplementetk.hu\/index.php?rest_route=%2Fwp%2Fv2%2Fmedia&parent=365"}],"curies":[{"name":"wp","href":"https:\/\/api.w.org\/{rel}","templated":true}]}}

EMLÉKFILM, &#8222;ÉLETÚTFILM&#8221;

<p>Legújabb – és egyben legszívhezszólóbb &#8211; szolgáltatásunk a temetésen készült fotók valamint a hozzánk eljuttatott régebbi fényképek, családi emlékek, iskolai bizonyítványok, régi családi okiratok felhasználásával, zenei aláfestéssel készült <a href="http://naplementetk.hu/wp-content/uploads/2015/10/1930s_movie_camera.jpg"><img loading="lazy" decoding="async" class="alignright size-medium wp-image-367" alt="1930s_movie_camera" src="http://naplementetk.hu/wp-content/uploads/2015/10/1930s_movie_camera-212x300.jpg" width="212" height="300" srcset="http://naplementetk.hu/wp-content/uploads/2015/10/1930s_movie_camera-212x300.jpg 212w, http://naplementetk.hu/wp-content/uploads/2015/10/1930s_movie_camera.jpg 350w" sizes="auto, (max-width: 212px) 100vw, 212px" /></a>emlékfilm, ami végigkíséri az elhunyt életének fontosabb állomásait, és bemutatja a búcsúzás pillanatait is.<br />
Igény szerinti példányszámban elkészítve a családtagok számára örök emléket állít a szeretett elhunyt életéről, személyéről.</p>

<p>Legújabb – és egyben legszívhezszólóbb &#8211; szolgáltatásunk a temetésen készült fotók valamint a hozzánk eljuttatott régebbi fényképek, családi emlékek, iskolai bizonyítványok, régi családi okiratok felhasználásával, zenei aláfestéssel készült emlékfilm, ami végigkíséri az elhunyt életének fontosabb állomásait, és bemutatja a búcsúzás pillanatait is. Igény szerinti példányszámban elkészítve a családtagok számára örök emléket állít a szeretett elhunyt [&hellip;]</p>
